0?
2, 3, 5, 1433
What are the prime factors of 10456?
2, 1307
List the prime factors of 3.
3
What are the prime factors of 18730?
2, 5, 1873
What are the prime factors of 1398?
2, 3, 233
What are the prime factors of 13626?
2, 3, 757
List the prime factors of 546.
2, 3, 7, 13
What are the prime factors of 14095?
5, 2819
List the prime factors of 1599.
3, 13, 41
List the prime factors of 3528.
2, 3, 7
List the prime factors of 7066.
2, 3533
What are the prime factors of 634?
2, 317
List the prime factors of 1494.
2, 3, 83
List the prime factors of 708.
2, 3, 59
List the prime factors of 1868.
2, 467
What are the prime factors of 1554?
2, 3, 7, 37
What are the prime factors of 399?
3, 7, 19
What are the prime factors of 70018?
2, 13, 2693
List the prime factors of 7814.
2, 3907
What are the prime factors of 753?
3, 251
List the prime factors of 149181.
3, 49727
List the prime factors of 3453.
3, 1151
List the prime factors of 689.
13, 53
List the prime factors of 74071.
74071
What are the prime factors of 126658?
2, 7, 83, 109
What are the prime factors of 102?
2, 3, 17
List the prime factors of 42961.
42961
List the prime factors of 9114.
2, 3, 7, 31
What are the prime factors of 52815?
3, 5, 7, 503
What are the prime factors of 142?
2, 71
List the prime factors of 784.
2, 7
List the prime factors of 119068.
2, 17, 103
What are the prime factors of 137?
137
What are the prime factors of 3211?
13, 19
List the prime factors of 77.
7, 11
List the prime factors of 146386.
2, 53, 1381
What are the prime factors of 2247?
3, 7, 107
List the prime factors of 5071.
11, 461
List the prime factors of 12003.
3, 4001
List the prime factors of 63550.
2, 5, 31, 41
List the prime factors of 46821.
3, 15607
List the prime factors of 207.
3, 23
List the prime factors of 217.
7, 31
List the prime factors of 87084.
2, 3, 41, 59
What are the prime factors of 108?
2, 3
What are the prime factors of 13146?
2, 3, 7, 313
What are the prime factors of 272?
2, 17
What are the prime factors of 108?
2, 3
List the prime factors of 113922.
2, 3, 6329
What are the prime factors of 432?
2, 3
What are the prime factors of 6016?
2, 47
What are the prime factors of 12559?
19, 661
What are the prime factors of 1968?
2, 3, 41
List the prime factors of 879.
3, 293
What are the prime factors of 1574?
2, 787
List the prime factors of 29450.
2, 5, 19, 31
List the prime factors of 7810.
2, 5, 11, 71
What are the prime factors of 683?
683
What are the prime factors of 11071?
11071
List the prime factors of 3959.
37, 107
List the prime factors of 420.
2, 3, 5, 7
List the prime factors of 4799.
4799
What are the prime factors of 36076?
2, 29, 311
What are the prime factors of 46848?
2, 3, 61
What are the prime factors of 4209?
3, 23, 61
What are the prime factors of 212?
2, 53
List the prime factors of 31322.
2, 15661
List the prime factors of 41575.
5, 1663
What are the prime factors of 4455?
3, 5, 11
List the prime factors of 3020.
2, 5, 151
List the prime factors of 655.
5, 131
What are the prime factors of 670?
2, 5, 67
List the prime factors of 7152.
2, 3, 149
List the prime factors of 145448.
2, 18181
What are the prime factors of 4026?
2, 3, 11, 61
List the prime factors of 32511.
3, 10837
What are the prime factors of 4834?
2, 2417
What are the prime factors of 5261?
5261
List the prime factors of 93598.
2, 53, 883
What are the prime factors of 15287?
15287
What are the prime factors of 2517?
3, 839
List the prime factors of 544.
2, 17
List the prime factors of 12085.
5, 2417
List the prime factors of 815.
5, 163
What are the prime factors of 100867?
13, 7759
List the prime factors of 1874.
2, 937
What are the prime factors of 10021?
11, 911
What are the prime factors of 41190?
2, 3, 5, 1373
List the prime factors of 30840.
2, 3, 5, 257
List the prime factors of 124076.
2, 31019
What are the prime factors of 24104?
2, 23, 131
What are the prime factors of 30341?
30341
What are the prime factors of 912?
2, 3, 19
What are the prime factors of 2456?
2, 307
List the prime factors of 1695.
3, 5, 113
What are the prime factors of 1430?
2, 5, 11, 13
What are the prime factors of 177633?
3, 17, 43
List the prime factors of 355.
5, 71
List the prime factors of 908.
2, 227
List the prime factors of 61266.
2, 3, 10211
List the prime factors of 19464.
2, 3, 811
List the prime factors of 1477.
7, 211
What are the prime factors of 4009?
19, 211
What are the prime factors of 2975?
5, 7, 17
List the prime factors of 472.
2, 59
What are the prime factors of 33022?
2, 11, 19, 79
What are the prime factors of 1116?
2, 3, 31
List the prime factors of 3336.
2, 3, 139
List the prime factors of 58275.
3, 5, 7, 37
What are the prime factors of 1683?
3, 11, 17
List the prime factors of 11276.
2, 2819
List the prime factors of 4779.
3, 59
What are the prime factors of 18887?
11, 17, 101
What are the prime factors of 3210?
2, 3, 5, 107
What are the prime factors of 22188?
2, 3, 43
What are the prime factors of 21436?
2, 23, 233
What are the prime factors of 32713?
32713
List the prime factors of 1267.
7, 181
What are the prime factors of 17176?
2, 19, 113
List the prime factors of 30528.
2, 3, 53
List the prime factors of 27403.
67, 409
What are the prime factors of 31?
31
What are the prime factors of 566?
2, 283
List the prime factors of 1649.
17, 97
What are the prime factors of 2887?
2887
List the prime factors of 305.
5, 61
What are the prime factors of 958?
2, 479
What are the prime factors of 34045?
5, 11, 619
List the prime factors of 110679.
3, 79, 467
What are the prime factors of 51066?
2, 3, 2837
List the prime factors of 3648.
2, 3, 19
What are the prime factors of 3586?
2, 11, 163
List the prime factors of 14874.
2, 3, 37, 67
What are the prime factors of 1019?
1019
List the prime factors of 8420.
2, 5, 421
What are the prime factors of 3456?
2, 3
What are the prime factors of 1520?
2, 5, 19
What are the prime factors of 2626?
2, 13, 101
What are the prime factors of 752?
2, 47
List the prime factors of 2781.
3, 103
What are the prime factors of 1391?
13, 107
What are the prime factors of 33221?
139, 239
What are the prime factors of 199327?
47, 4241
List the prime factors of 50302.
2, 7, 3593
What are the prime factors of 74?
2, 37
List the prime factors of 41135.
5, 19, 433
What are the prime factors of 18963?
3, 7, 43
What are the prime factors of 197?
197
List the prime factors of 60930.
2, 3, 5, 677
List the prime factors of 1540.
2, 5, 7, 11
What are the prime factors of 8760?
2, 3, 5, 73
What are the prime factors of 159?
3, 53
What are the prime factors of 22488?
2, 3, 937
What are the prime factors of 128?
2
List the prime factors of 4122.
2, 3, 229
What are the prime factors of 179468?
2, 44867
What are the prime factors of 2?
2
What are the prime factors of 2928?
2, 3, 61
What are the prime factors of 31021?
67, 463
What are the prime factors of 2976?
2, 3, 31
What are the prime factors of 23560?
2, 5, 19, 31
What are the prime factors of 141?
3, 47
List the prime factors of 4006.
2, 2003
What are the prime factors of 5765?
5, 1153
What are the prime factors of 85882?
2, 23, 1867
What are the prime factors of 674?
2, 337
List the prime factors of 1692.
2, 3, 47
What are the prime factors of 20700?
2, 3, 5, 23
What are the prime factors of 1032?
2, 3, 43
List the prime factors of 43935.
3, 5, 29, 101
What are the prime factors of 2777?
2777
What are the prime factors of 1187?
1187
What are the prime factors of 56303?
13, 61, 71
What are the prime factors of 19980?
2, 3, 5, 37
What are the prime factors of 1232?
2, 7, 11
List the prime factors of 24064.
2, 47
What are the prime factors of 1261?
13, 97
What are the prime factors of 306?
2, 3, 17
List the prime factors of 30100.
2, 5, 7, 43
What are the prime factors of 5471?
5471
What are the prime factors of 104574?
2, 3, 29, 601
List the prime factors of 11031.
3, 3677
List the prime factors of 6499.
67, 97
What are the prime factors of 4350?
2, 3, 5, 29
List the prime factors of 2982.
2, 3, 7, 71
List the prime factors of 97370.
2, 5, 7, 13, 107
What are the prime factors of 4983?
3, 11, 151
What are the prime factors of 31082?
2, 15541
List the prime factors of 23409.
3, 17
List the prime factors of 761.
761
What are the prime 